{"id":13014,"date":"2024-04-04T13:31:55","date_gmt":"2024-04-04T12:31:55","guid":{"rendered":"https:\/\/www.destinations-off-road.com\/chicago\/?page_id=13014"},"modified":"2024-04-04T13:31:55","modified_gmt":"2024-04-04T12:31:55","slug":"merci-2","status":"publish","type":"page","link":"https:\/\/www.destinations-off-road.com\/chicago\/merci-2\/","title":{"rendered":"Merci"},"content":{"rendered":"<h2 class=\"p1\" style=\"text-align: center;\">Merci pour votre r\u00e9servation !<\/h2>\n<p class=\"p1\" style=\"text-align: center;\">Nous avons bien recu votre demande de r\u00e9servation. Vous allez recevoir un email de confirmation dans les prochaines minutes.<\/p>\n<p class=\"p1\" style=\"text-align: center;\">Si vous avez besoin de nous joindre, n&#8217;h\u00e9sitez pas \u00e0 nous contacter par email (contact@newyorkoffroad.com) ou par t\u00e9l\u00e9phone de la France au +33 1 89 70 55 05 ou des Etats-Unis au +1 (845) 709 8334.<\/p>\n<p class=\"p1\" style=\"text-align: center;\">En attendant vous pouvez nous suivre sur <a href=\"https:\/\/www.facebook.com\/NewYorkOffRoad\/\" target=\"_blank\" rel=\"noopener\">Facebook<\/a> ou sur <a href=\"https:\/\/www.instagram.com\/chicagooffroad\/?hl=fr\" target=\"_blank\" rel=\"noopener\">Instagram<\/a>.<\/p>\n<p class=\"p1\" style=\"text-align: center;\">A tr\u00e8s vite,<\/p>\n<p class=\"p1\" style=\"text-align: center;\">Claire, Samuel et l&#8217;\u00e9quipe de Chicago Off Road<\/p>\n","protected":false},"excerpt":{"rendered":"<p>Merci pour votre r\u00e9servation ! Nous avons bien recu votre demande de r\u00e9servation. Vous allez recevoir un email de confirmation dans les prochaines minutes. Si vous avez besoin de nous joindre, n&#8217;h\u00e9sitez pas \u00e0 nous contacter par email (contact@newyorkoffroad.com) ou par t\u00e9l\u00e9phone de la France au +33 1 89 70 55 05 ou des Etats-Unis [&hellip;]<\/p>\n","protected":false},"author":2,"featured_media":0,"parent":0,"menu_order":0,"comment_status":"closed","ping_status":"closed","template":"","meta":{"_acf_changed":false,"footnotes":""},"class_list":["post-13014","page","type-page","status-publish","hentry"],"acf":[],"yoast_head":"<!-- This site is optimized with the Yoast SEO plugin v27.4 - https:\/\/yoast.com\/product\/yoast-seo-wordpress\/ -->\n<title>Merci - Chicago Off Road<\/title>\n<meta name=\"robots\" content=\"index, follow, max-snippet:-1, max-image-preview:large, max-video-preview:-1\" \/>\n<link rel=\"canonical\" href=\"https:\/\/www.destinations-off-road.com\/chicago\/merci-2\/\" \/>\n<meta property=\"og:locale\" content=\"en_US\" \/>\n<meta property=\"og:type\" content=\"article\" \/>\n<meta property=\"og:title\" content=\"Merci - Chicago Off Road\" \/>\n<meta property=\"og:description\" content=\"Merci pour votre r\u00e9servation ! Nous avons bien recu votre demande de r\u00e9servation. Vous allez recevoir un email de confirmation dans les prochaines minutes. Si vous avez besoin de nous joindre, n&#8217;h\u00e9sitez pas \u00e0 nous contacter par email (contact@newyorkoffroad.com) ou par t\u00e9l\u00e9phone de la France au +33 1 89 70 55 05 ou des Etats-Unis [&hellip;]\" \/>\n<meta property=\"og:url\" content=\"https:\/\/www.destinations-off-road.com\/chicago\/merci-2\/\" \/>\n<meta property=\"og:site_name\" content=\"Chicago Off Road\" \/>\n<meta name=\"twitter:card\" content=\"summary_large_image\" \/>\n<meta name=\"twitter:label1\" content=\"Est. reading time\" \/>\n\t<meta name=\"twitter:data1\" content=\"1 minute\" \/>\n<script type=\"application\/ld+json\" class=\"yoast-schema-graph\">{\"@context\":\"https:\\\/\\\/schema.org\",\"@graph\":[{\"@type\":\"WebPage\",\"@id\":\"https:\\\/\\\/www.destinations-off-road.com\\\/chicago\\\/merci-2\\\/\",\"url\":\"https:\\\/\\\/www.destinations-off-road.com\\\/chicago\\\/merci-2\\\/\",\"name\":\"Merci - Chicago Off Road\",\"isPartOf\":{\"@id\":\"https:\\\/\\\/www.destinations-off-road.com\\\/chicago\\\/#website\"},\"datePublished\":\"2024-04-04T12:31:55+00:00\",\"breadcrumb\":{\"@id\":\"https:\\\/\\\/www.destinations-off-road.com\\\/chicago\\\/merci-2\\\/#breadcrumb\"},\"inLanguage\":\"en-US\",\"potentialAction\":[{\"@type\":\"ReadAction\",\"target\":[\"https:\\\/\\\/www.destinations-off-road.com\\\/chicago\\\/merci-2\\\/\"]}]},{\"@type\":\"BreadcrumbList\",\"@id\":\"https:\\\/\\\/www.destinations-off-road.com\\\/chicago\\\/merci-2\\\/#breadcrumb\",\"itemListElement\":[{\"@type\":\"ListItem\",\"position\":1,\"name\":\"Home\",\"item\":\"https:\\\/\\\/www.destinations-off-road.com\\\/chicago\\\/\"},{\"@type\":\"ListItem\",\"position\":2,\"name\":\"Merci\"}]},{\"@type\":\"WebSite\",\"@id\":\"https:\\\/\\\/www.destinations-off-road.com\\\/chicago\\\/#website\",\"url\":\"https:\\\/\\\/www.destinations-off-road.com\\\/chicago\\\/\",\"name\":\"Chicago Off Road\",\"description\":\"Visites insolites de Chicago par Elise et son \u00e9quipe\",\"potentialAction\":[{\"@type\":\"SearchAction\",\"target\":{\"@type\":\"EntryPoint\",\"urlTemplate\":\"https:\\\/\\\/www.destinations-off-road.com\\\/chicago\\\/?s={search_term_string}\"},\"query-input\":{\"@type\":\"PropertyValueSpecification\",\"valueRequired\":true,\"valueName\":\"search_term_string\"}}],\"inLanguage\":\"en-US\"}]}<\/script>\n<!-- \/ Yoast SEO plugin. -->","yoast_head_json":{"title":"Merci - Chicago Off Road","robots":{"index":"index","follow":"follow","max-snippet":"max-snippet:-1","max-image-preview":"max-image-preview:large","max-video-preview":"max-video-preview:-1"},"canonical":"https:\/\/www.destinations-off-road.com\/chicago\/merci-2\/","og_locale":"en_US","og_type":"article","og_title":"Merci - Chicago Off Road","og_description":"Merci pour votre r\u00e9servation ! Nous avons bien recu votre demande de r\u00e9servation. Vous allez recevoir un email de confirmation dans les prochaines minutes. Si vous avez besoin de nous joindre, n&#8217;h\u00e9sitez pas \u00e0 nous contacter par email (contact@newyorkoffroad.com) ou par t\u00e9l\u00e9phone de la France au +33 1 89 70 55 05 ou des Etats-Unis [&hellip;]","og_url":"https:\/\/www.destinations-off-road.com\/chicago\/merci-2\/","og_site_name":"Chicago Off Road","twitter_card":"summary_large_image","twitter_misc":{"Est. reading time":"1 minute"},"schema":{"@context":"https:\/\/schema.org","@graph":[{"@type":"WebPage","@id":"https:\/\/www.destinations-off-road.com\/chicago\/merci-2\/","url":"https:\/\/www.destinations-off-road.com\/chicago\/merci-2\/","name":"Merci - Chicago Off Road","isPartOf":{"@id":"https:\/\/www.destinations-off-road.com\/chicago\/#website"},"datePublished":"2024-04-04T12:31:55+00:00","breadcrumb":{"@id":"https:\/\/www.destinations-off-road.com\/chicago\/merci-2\/#breadcrumb"},"inLanguage":"en-US","potentialAction":[{"@type":"ReadAction","target":["https:\/\/www.destinations-off-road.com\/chicago\/merci-2\/"]}]},{"@type":"BreadcrumbList","@id":"https:\/\/www.destinations-off-road.com\/chicago\/merci-2\/#breadcrumb","itemListElement":[{"@type":"ListItem","position":1,"name":"Home","item":"https:\/\/www.destinations-off-road.com\/chicago\/"},{"@type":"ListItem","position":2,"name":"Merci"}]},{"@type":"WebSite","@id":"https:\/\/www.destinations-off-road.com\/chicago\/#website","url":"https:\/\/www.destinations-off-road.com\/chicago\/","name":"Chicago Off Road","description":"Visites insolites de Chicago par Elise et son \u00e9quipe","potentialAction":[{"@type":"SearchAction","target":{"@type":"EntryPoint","urlTemplate":"https:\/\/www.destinations-off-road.com\/chicago\/?s={search_term_string}"},"query-input":{"@type":"PropertyValueSpecification","valueRequired":true,"valueName":"search_term_string"}}],"inLanguage":"en-US"}]}},"_links":{"self":[{"href":"https:\/\/www.destinations-off-road.com\/chicago\/wp-json\/wp\/v2\/pages\/13014","targetHints":{"allow":["GET"]}}],"collection":[{"href":"https:\/\/www.destinations-off-road.com\/chicago\/wp-json\/wp\/v2\/pages"}],"about":[{"href":"https:\/\/www.destinations-off-road.com\/chicago\/wp-json\/wp\/v2\/types\/page"}],"author":[{"embeddable":true,"href":"https:\/\/www.destinations-off-road.com\/chicago\/wp-json\/wp\/v2\/users\/2"}],"replies":[{"embeddable":true,"href":"https:\/\/www.destinations-off-road.com\/chicago\/wp-json\/wp\/v2\/comments?post=13014"}],"version-history":[{"count":1,"href":"https:\/\/www.destinations-off-road.com\/chicago\/wp-json\/wp\/v2\/pages\/13014\/revisions"}],"predecessor-version":[{"id":13015,"href":"https:\/\/www.destinations-off-road.com\/chicago\/wp-json\/wp\/v2\/pages\/13014\/revisions\/13015"}],"wp:attachment":[{"href":"https:\/\/www.destinations-off-road.com\/chicago\/wp-json\/wp\/v2\/media?parent=13014"}],"curies":[{"name":"wp","href":"https:\/\/api.w.org\/{rel}","templated":true}]}}