{"id":11851,"date":"2022-06-09T20:04:11","date_gmt":"2022-06-09T19:04:11","guid":{"rendered":"https:\/\/www.destinations-off-road.com\/las-vegas\/?page_id=11851"},"modified":"2025-02-01T00:31:04","modified_gmt":"2025-01-31T23:31:04","slug":"reservez-visite-de-las-vegas-petit-groupe","status":"publish","type":"page","link":"https:\/\/www.destinations-off-road.com\/las-vegas\/reservez-visite-de-las-vegas-petit-groupe\/","title":{"rendered":"R\u00e9servez votre visite de Las Vegas en petit groupe !"},"content":{"rendered":"<h2 style=\"text-align: center;\">R\u00e9servez votre visite en petit groupe (maximum 10 personnes) pour d\u00e9couvrir Las Vegas autrement<\/h2>\n<h3 id=\"calendrier\" class=\"ut-title-divider\" style=\"text-align: center; font-size: 17px;\">Le calendrier des visites disponibles<\/h3>\n<p><script src=\"https:\/\/lv-off-road.rezdy.com\/pluginJs\" type=\"text\/javascript\"><\/script><\/p>\n<p><iframe class=\"rezdy\" src=\"https:\/\/lv-off-road.rezdy.com\/productsMonthlyCalendar\/48382?iframe=true\" width=\"100%\" height=\"480px\" frameborder=\"0\" seamless=\"\" data-mce-fragment=\"1\"><\/iframe><\/p>\n<p><strong>Si aucune date n&#8217;est disponible pour votre planning, n&#8217;h\u00e9sitez pas \u00e0 nous le dire et nous ferons notre maximum pour vous en proposer d&#8217;autres !<\/strong><\/p>\n<p><a href=\"https:\/\/www.destinations-off-road.com\/las-vegas\/contact\/\" target=\"_blank\" rel=\"noopener noreferrer\">Cliquez ici pour nous contacter\u00a0!<\/a><\/p>\n","protected":false},"excerpt":{"rendered":"<p>R\u00e9servez votre visite en petit groupe (maximum 10 personnes) pour d\u00e9couvrir Las Vegas autrement Le calendrier des visites disponibles Si aucune date n&#8217;est disponible pour votre planning, n&#8217;h\u00e9sitez pas \u00e0 nous le dire et nous ferons notre maximum pour vous en proposer d&#8217;autres ! Cliquez ici pour nous contacter\u00a0!<\/p>\n","protected":false},"author":2,"featured_media":0,"parent":0,"menu_order":0,"comment_status":"closed","ping_status":"closed","template":"","meta":{"_acf_changed":false,"footnotes":""},"class_list":["post-11851","page","type-page","status-publish","hentry"],"acf":[],"yoast_head":"<!-- This site is optimized with the Yoast SEO plugin v27.5 - https:\/\/yoast.com\/product\/yoast-seo-wordpress\/ -->\n<title>R\u00e9servez votre visite de Las Vegas en petit groupe !<\/title>\n<meta name=\"description\" content=\"R\u00e9servez votre visite en petit groupe (maximum 10 personnes) pour d\u00e9couvrir Las Vegas autrement et en fran\u00e7ais !\" \/>\n<meta name=\"robots\" content=\"index, follow, max-snippet:-1, max-image-preview:large, max-video-preview:-1\" \/>\n<link rel=\"canonical\" href=\"https:\/\/www.destinations-off-road.com\/las-vegas\/reservez-visite-de-las-vegas-petit-groupe\/\" \/>\n<meta property=\"og:locale\" content=\"en_US\" \/>\n<meta property=\"og:type\" content=\"article\" \/>\n<meta property=\"og:title\" content=\"R\u00e9servez votre visite de Las Vegas en petit groupe !\" \/>\n<meta property=\"og:description\" content=\"R\u00e9servez votre visite en petit groupe (maximum 10 personnes) pour d\u00e9couvrir Las Vegas autrement et en fran\u00e7ais !\" \/>\n<meta property=\"og:url\" content=\"https:\/\/www.destinations-off-road.com\/las-vegas\/reservez-visite-de-las-vegas-petit-groupe\/\" \/>\n<meta property=\"og:site_name\" content=\"Las Vegas Off Road\" \/>\n<meta property=\"article:modified_time\" content=\"2025-01-31T23:31:04+00:00\" \/>\n<meta name=\"twitter:card\" content=\"summary_large_image\" \/>\n<meta name=\"twitter:label1\" content=\"Est. reading time\" \/>\n\t<meta name=\"twitter:data1\" content=\"1 minute\" \/>\n<script type=\"application\/ld+json\" class=\"yoast-schema-graph\">{\"@context\":\"https:\\\/\\\/schema.org\",\"@graph\":[{\"@type\":\"WebPage\",\"@id\":\"https:\\\/\\\/www.destinations-off-road.com\\\/las-vegas\\\/reservez-visite-de-las-vegas-petit-groupe\\\/\",\"url\":\"https:\\\/\\\/www.destinations-off-road.com\\\/las-vegas\\\/reservez-visite-de-las-vegas-petit-groupe\\\/\",\"name\":\"R\u00e9servez votre visite de Las Vegas en petit groupe !\",\"isPartOf\":{\"@id\":\"https:\\\/\\\/www.destinations-off-road.com\\\/las-vegas\\\/#website\"},\"datePublished\":\"2022-06-09T19:04:11+00:00\",\"dateModified\":\"2025-01-31T23:31:04+00:00\",\"description\":\"R\u00e9servez votre visite en petit groupe (maximum 10 personnes) pour d\u00e9couvrir Las Vegas autrement et en fran\u00e7ais !\",\"breadcrumb\":{\"@id\":\"https:\\\/\\\/www.destinations-off-road.com\\\/las-vegas\\\/reservez-visite-de-las-vegas-petit-groupe\\\/#breadcrumb\"},\"inLanguage\":\"en-US\",\"potentialAction\":[{\"@type\":\"ReadAction\",\"target\":[\"https:\\\/\\\/www.destinations-off-road.com\\\/las-vegas\\\/reservez-visite-de-las-vegas-petit-groupe\\\/\"]}]},{\"@type\":\"BreadcrumbList\",\"@id\":\"https:\\\/\\\/www.destinations-off-road.com\\\/las-vegas\\\/reservez-visite-de-las-vegas-petit-groupe\\\/#breadcrumb\",\"itemListElement\":[{\"@type\":\"ListItem\",\"position\":1,\"name\":\"Home\",\"item\":\"https:\\\/\\\/www.destinations-off-road.com\\\/las-vegas\\\/\"},{\"@type\":\"ListItem\",\"position\":2,\"name\":\"R\u00e9servez votre visite de Las Vegas en petit groupe !\"}]},{\"@type\":\"WebSite\",\"@id\":\"https:\\\/\\\/www.destinations-off-road.com\\\/las-vegas\\\/#website\",\"url\":\"https:\\\/\\\/www.destinations-off-road.com\\\/las-vegas\\\/\",\"name\":\"Las Vegas Off Road\",\"description\":\"Visites insolites de Las Vegas par Elise et son \u00e9quipe\",\"potentialAction\":[{\"@type\":\"SearchAction\",\"target\":{\"@type\":\"EntryPoint\",\"urlTemplate\":\"https:\\\/\\\/www.destinations-off-road.com\\\/las-vegas\\\/?s={search_term_string}\"},\"query-input\":{\"@type\":\"PropertyValueSpecification\",\"valueRequired\":true,\"valueName\":\"search_term_string\"}}],\"inLanguage\":\"en-US\"}]}<\/script>\n<!-- \/ Yoast SEO plugin. -->","yoast_head_json":{"title":"R\u00e9servez votre visite de Las Vegas en petit groupe !","description":"R\u00e9servez votre visite en petit groupe (maximum 10 personnes) pour d\u00e9couvrir Las Vegas autrement et en fran\u00e7ais !","robots":{"index":"index","follow":"follow","max-snippet":"max-snippet:-1","max-image-preview":"max-image-preview:large","max-video-preview":"max-video-preview:-1"},"canonical":"https:\/\/www.destinations-off-road.com\/las-vegas\/reservez-visite-de-las-vegas-petit-groupe\/","og_locale":"en_US","og_type":"article","og_title":"R\u00e9servez votre visite de Las Vegas en petit groupe !","og_description":"R\u00e9servez votre visite en petit groupe (maximum 10 personnes) pour d\u00e9couvrir Las Vegas autrement et en fran\u00e7ais !","og_url":"https:\/\/www.destinations-off-road.com\/las-vegas\/reservez-visite-de-las-vegas-petit-groupe\/","og_site_name":"Las Vegas Off Road","article_modified_time":"2025-01-31T23:31:04+00:00","twitter_card":"summary_large_image","twitter_misc":{"Est. reading time":"1 minute"},"schema":{"@context":"https:\/\/schema.org","@graph":[{"@type":"WebPage","@id":"https:\/\/www.destinations-off-road.com\/las-vegas\/reservez-visite-de-las-vegas-petit-groupe\/","url":"https:\/\/www.destinations-off-road.com\/las-vegas\/reservez-visite-de-las-vegas-petit-groupe\/","name":"R\u00e9servez votre visite de Las Vegas en petit groupe !","isPartOf":{"@id":"https:\/\/www.destinations-off-road.com\/las-vegas\/#website"},"datePublished":"2022-06-09T19:04:11+00:00","dateModified":"2025-01-31T23:31:04+00:00","description":"R\u00e9servez votre visite en petit groupe (maximum 10 personnes) pour d\u00e9couvrir Las Vegas autrement et en fran\u00e7ais !","breadcrumb":{"@id":"https:\/\/www.destinations-off-road.com\/las-vegas\/reservez-visite-de-las-vegas-petit-groupe\/#breadcrumb"},"inLanguage":"en-US","potentialAction":[{"@type":"ReadAction","target":["https:\/\/www.destinations-off-road.com\/las-vegas\/reservez-visite-de-las-vegas-petit-groupe\/"]}]},{"@type":"BreadcrumbList","@id":"https:\/\/www.destinations-off-road.com\/las-vegas\/reservez-visite-de-las-vegas-petit-groupe\/#breadcrumb","itemListElement":[{"@type":"ListItem","position":1,"name":"Home","item":"https:\/\/www.destinations-off-road.com\/las-vegas\/"},{"@type":"ListItem","position":2,"name":"R\u00e9servez votre visite de Las Vegas en petit groupe !"}]},{"@type":"WebSite","@id":"https:\/\/www.destinations-off-road.com\/las-vegas\/#website","url":"https:\/\/www.destinations-off-road.com\/las-vegas\/","name":"Las Vegas Off Road","description":"Visites insolites de Las Vegas par Elise et son \u00e9quipe","potentialAction":[{"@type":"SearchAction","target":{"@type":"EntryPoint","urlTemplate":"https:\/\/www.destinations-off-road.com\/las-vegas\/?s={search_term_string}"},"query-input":{"@type":"PropertyValueSpecification","valueRequired":true,"valueName":"search_term_string"}}],"inLanguage":"en-US"}]}},"_links":{"self":[{"href":"https:\/\/www.destinations-off-road.com\/las-vegas\/wp-json\/wp\/v2\/pages\/11851","targetHints":{"allow":["GET"]}}],"collection":[{"href":"https:\/\/www.destinations-off-road.com\/las-vegas\/wp-json\/wp\/v2\/pages"}],"about":[{"href":"https:\/\/www.destinations-off-road.com\/las-vegas\/wp-json\/wp\/v2\/types\/page"}],"author":[{"embeddable":true,"href":"https:\/\/www.destinations-off-road.com\/las-vegas\/wp-json\/wp\/v2\/users\/2"}],"replies":[{"embeddable":true,"href":"https:\/\/www.destinations-off-road.com\/las-vegas\/wp-json\/wp\/v2\/comments?post=11851"}],"version-history":[{"count":1,"href":"https:\/\/www.destinations-off-road.com\/las-vegas\/wp-json\/wp\/v2\/pages\/11851\/revisions"}],"predecessor-version":[{"id":11852,"href":"https:\/\/www.destinations-off-road.com\/las-vegas\/wp-json\/wp\/v2\/pages\/11851\/revisions\/11852"}],"wp:attachment":[{"href":"https:\/\/www.destinations-off-road.com\/las-vegas\/wp-json\/wp\/v2\/media?parent=11851"}],"curies":[{"name":"wp","href":"https:\/\/api.w.org\/{rel}","templated":true}]}}