{"id":8259,"date":"2022-11-10T23:27:21","date_gmt":"2022-11-10T22:27:21","guid":{"rendered":"https:\/\/www.destinations-off-road.com\/las-vegas\/?page_id=8259"},"modified":"2025-03-13T06:34:43","modified_gmt":"2025-03-13T05:34:43","slug":"ou-se-loger-a-las-vegas","status":"publish","type":"page","link":"https:\/\/www.destinations-off-road.com\/las-vegas\/welcome-to-las-vegas\/ou-se-loger-a-las-vegas\/","title":{"rendered":"O\u00f9 se loger en vacances \u00e0 Las Vegas ?"},"content":{"rendered":"<p style=\"text-align: justify;\">Las Vegas offre une large gamme d\u2019h\u00e9bergements, des h\u00f4tels-casinos de luxe aux options plus abordables. Le choix du quartier d\u00e9pend de votre budget, de vos pr\u00e9f\u00e9rences et de l&#8217;exp\u00e9rience que vous recherchez. Voici un guide des meilleures zones o\u00f9 s\u00e9journer.<\/p>\n<p style=\"text-align: justify;\">En fonction de votre budget et de vos envies, selon que vous voyagez en famille ou entre amis, diff\u00e9rents types d&#8217;h\u00e9bergements retiendront votre attention. Encore ind\u00e9cis sur votre programme ? Nous vous proposons <a href=\"https:\/\/www.destinations-off-road.com\/las-vegas\/visite-privative\/\" target=\"_blank\" rel=\"noopener noreferrer\">des visites guid\u00e9es sur-mesure et en fran\u00e7ais<\/a> !<\/p>\n<p>&nbsp;<\/p>\n<p>&nbsp;<\/p>\n<div  class=\"ut-one-half  \">\n<h2>Les types d&#8217;h\u00e9bergements<\/h2>\n<ul>\n<li>\n<p data-start=\"58\" data-end=\"317\"><strong data-start=\"62\" data-end=\"83\">H\u00f4tels-casinos<\/strong><br data-start=\"83\" data-end=\"86\" \/>Situ\u00e9s principalement sur le Strip et Fremont Street, ces h\u00f4tels offrent une exp\u00e9rience immersive avec casinos, spectacles et restaurants. Id\u00e9al pour profiter pleinement de l\u2019ambiance de Vegas, mais parfois bruyant et anim\u00e9 24\/7.<\/p>\n<\/li>\n<li>\n<p data-start=\"58\" data-end=\"317\"><strong data-start=\"323\" data-end=\"348\">H\u00f4tels sans casino\u00a0<\/strong><br data-start=\"348\" data-end=\"351\" \/>Parfaits pour ceux qui recherchent plus de calme tout en restant \u00e0 proximit\u00e9 des attractions. Ces h\u00f4tels offrent un cadre plus reposant avec des services haut de gamme, mais sans l\u2019animation des casinos.<\/p>\n<\/li>\n<li>\n<p data-start=\"58\" data-end=\"317\"><strong data-start=\"562\" data-end=\"596\">Motels &amp; h\u00f4tels \u00e9conomiques<\/strong><br data-start=\"596\" data-end=\"599\" \/>Une option abordable pour les petits budgets, souvent situ\u00e9s en dehors du Strip. Confort plus basique, mais parfait pour un court s\u00e9jour sans se ruiner.<\/p>\n<\/li>\n<li>\n<p data-start=\"58\" data-end=\"317\"><strong data-start=\"759\" data-end=\"785\">R\u00e9sidences &amp; Airbnb\u00a0<\/strong><br data-start=\"785\" data-end=\"788\" \/>Id\u00e9ales pour les familles et les longs s\u00e9jours, ces h\u00e9bergements offrent plus d\u2019espace avec cuisine et salon. Moins de services qu\u2019un h\u00f4tel, mais un bon compromis entre confort et autonomie.<\/p>\n<\/li>\n<li>\n<p data-start=\"58\" data-end=\"317\"><strong data-start=\"1154\" data-end=\"1180\">Campings &amp; RV Parks<\/strong><br data-start=\"1180\" data-end=\"1183\" \/>Option atypique pour les road-trippers voyageant en camping-car. Moins cher qu\u2019un h\u00f4tel, mais n\u00e9cessite un v\u00e9hicule adapt\u00e9 et une certaine autonomie.<\/p>\n<\/li>\n<\/ul>\n<p>Dans tous les cas, r\u00e9servez au plus t\u00f4t car la demande est importante et les prix s&#8217;envolent vite !<\/p>\n<\/div>\n<p style=\"text-align: justify;\"><div  class=\"ut-one-half ut-column-last  \">\n<p><a href=\"https:\/\/www.destinations-off-road.com\/wp-content\/uploads\/sites\/7\/2025\/02\/greg-IsWvSdy3oEk-unsplash.jpg\"><img fetchpriority=\"high\" decoding=\"async\" class=\"alignnone wp-image-14526 \" src=\"https:\/\/www.destinations-off-road.com\/wp-content\/uploads\/sites\/7\/2025\/02\/greg-IsWvSdy3oEk-unsplash-225x300.jpg\" alt=\"\" width=\"687\" height=\"916\" srcset=\"https:\/\/www.destinations-off-road.com\/las-vegas\/wp-content\/uploads\/sites\/7\/2025\/02\/greg-IsWvSdy3oEk-unsplash-225x300.jpg 225w, https:\/\/www.destinations-off-road.com\/las-vegas\/wp-content\/uploads\/sites\/7\/2025\/02\/greg-IsWvSdy3oEk-unsplash-768x1024.jpg 768w, https:\/\/www.destinations-off-road.com\/las-vegas\/wp-content\/uploads\/sites\/7\/2025\/02\/greg-IsWvSdy3oEk-unsplash.jpg 800w\" sizes=\"(max-width: 687px) 100vw, 687px\" \/><\/a><\/p>\n<\/div><div class=\"clear\"><\/div>\n<p>&nbsp;<\/p>\n<p>&nbsp;<\/p>\n<div  class=\"ut-one-half  \">\n<p><a href=\"https:\/\/www.destinations-off-road.com\/wp-content\/uploads\/sites\/7\/2025\/02\/jayden-staines-OEs-M7Xu32s-unsplash.jpg\"><img decoding=\"async\" class=\"wp-image-14493 \" src=\"https:\/\/www.destinations-off-road.com\/wp-content\/uploads\/sites\/7\/2025\/02\/jayden-staines-OEs-M7Xu32s-unsplash-300x200.jpg\" alt=\"\" width=\"684\" height=\"456\" srcset=\"https:\/\/www.destinations-off-road.com\/las-vegas\/wp-content\/uploads\/sites\/7\/2025\/02\/jayden-staines-OEs-M7Xu32s-unsplash-300x200.jpg 300w, https:\/\/www.destinations-off-road.com\/las-vegas\/wp-content\/uploads\/sites\/7\/2025\/02\/jayden-staines-OEs-M7Xu32s-unsplash-768x512.jpg 768w, https:\/\/www.destinations-off-road.com\/las-vegas\/wp-content\/uploads\/sites\/7\/2025\/02\/jayden-staines-OEs-M7Xu32s-unsplash.jpg 800w\" sizes=\"(max-width: 684px) 100vw, 684px\" \/><\/a><\/p>\n<\/div>\n<div  class=\"ut-one-half ut-column-last  \">\n<p>&nbsp;<\/p>\n<h2>Le Strip, au coeur de l&#8217;action<\/h2>\n<p style=\"text-align: justify;\">C\u2019est l\u2019avenue mythique de Las Vegas, o\u00f9 se trouvent les h\u00f4tels-casinos embl\u00e9matiques comme le Bellagio, le Caesars Palace ou le Venetian. C\u2019est le meilleur choix pour une immersion totale avec un acc\u00e8s direct aux spectacles, restaurants, boutiques et casinos. Cependant, les prix peuvent \u00eatre \u00e9lev\u00e9s, surtout le week-end, et l\u2019ambiance y est tr\u00e8s anim\u00e9e, ce qui peut \u00eatre bruyant pour ceux qui recherchent du calme.<\/p>\n<\/div><div class=\"clear\"><\/div>\n<p>&nbsp;<\/p>\n<div  class=\"ut-one-half  \">\n<h2><\/h2>\n<h2>Fremont, l&#8217;ambiance vintage ?<\/h2>\n<p style=\"text-align: justify;\">Situ\u00e9 dans le quartier historique de Las Vegas, Fremont Street offre une atmosph\u00e8re r\u00e9tro avec ses n\u00e9ons, spectacles de rue et casinos old-school comme le Golden Nugget. L\u2019h\u00e9bergement y est plus abordable que sur le Strip, parfait pour les voyageurs avec un budget limit\u00e9. Cependant, le quartier est plus excentr\u00e9 et l\u2019ambiance nocturne peut \u00eatre intense, ce qui ne convient pas \u00e0 tout le monde.<\/p>\n<\/div>\n<div  class=\"ut-one-half ut-column-last  \">\n<p><a href=\"https:\/\/www.destinations-off-road.com\/wp-content\/uploads\/sites\/7\/2025\/02\/tim-dennert-Sb_12KQo2Lw-unsplash.jpg\"><img decoding=\"async\" class=\"alignnone wp-image-14527 \" src=\"https:\/\/www.destinations-off-road.com\/wp-content\/uploads\/sites\/7\/2025\/02\/tim-dennert-Sb_12KQo2Lw-unsplash-300x200.jpg\" alt=\"\" width=\"708\" height=\"472\" srcset=\"https:\/\/www.destinations-off-road.com\/las-vegas\/wp-content\/uploads\/sites\/7\/2025\/02\/tim-dennert-Sb_12KQo2Lw-unsplash-300x200.jpg 300w, https:\/\/www.destinations-off-road.com\/las-vegas\/wp-content\/uploads\/sites\/7\/2025\/02\/tim-dennert-Sb_12KQo2Lw-unsplash-768x512.jpg 768w, https:\/\/www.destinations-off-road.com\/las-vegas\/wp-content\/uploads\/sites\/7\/2025\/02\/tim-dennert-Sb_12KQo2Lw-unsplash.jpg 800w\" sizes=\"(max-width: 708px) 100vw, 708px\" \/><\/a><\/p>\n<\/div><div class=\"clear\"><\/div>\n<p>&nbsp;<\/p>\n<p>&nbsp;<\/p>\n<div  class=\"ut-one-half  \">\n<p><img loading=\"lazy\" decoding=\"async\" class=\"aligncenter size-large wp-image-6927\" src=\"https:\/\/www.destinations-off-road.com\/wp-content\/uploads\/sites\/7\/2017\/04\/JacksonHeights_Queens-1024x576.jpg\" alt=\"\" width=\"1024\" height=\"576\" srcset=\"https:\/\/www.destinations-off-road.com\/las-vegas\/wp-content\/uploads\/sites\/7\/2017\/04\/JacksonHeights_Queens-1024x576.jpg 1024w, https:\/\/www.destinations-off-road.com\/las-vegas\/wp-content\/uploads\/sites\/7\/2017\/04\/JacksonHeights_Queens-300x169.jpg 300w, https:\/\/www.destinations-off-road.com\/las-vegas\/wp-content\/uploads\/sites\/7\/2017\/04\/JacksonHeights_Queens-768x432.jpg 768w, https:\/\/www.destinations-off-road.com\/las-vegas\/wp-content\/uploads\/sites\/7\/2017\/04\/JacksonHeights_Queens.jpg 1107w\" sizes=\"(max-width: 1024px) 100vw, 1024px\" \/><\/p>\n<\/div>\n<div  class=\"ut-one-half ut-column-last  \">\n<h2>Summerline, encore abordable<\/h2>\n<p style=\"text-align: justify;\">Ce quartier haut de gamme, situ\u00e9 \u00e0 environ 20 minutes du Strip, est parfait pour ceux qui veulent un s\u00e9jour plus paisible, loin de l\u2019effervescence des casinos. On y trouve de beaux complexes h\u00f4teliers, des parcours de golf et un acc\u00e8s rapide aux randonn\u00e9es de Red Rock Canyon. Cependant, il faudra louer une voiture pour se d\u00e9placer facilement, car les transports en commun sont limit\u00e9s.<\/p>\n<\/div><div class=\"clear\"><\/div>\n<p>&nbsp;<\/p>\n<div  class=\"ut-one-half  \">\n<h2>Henderson, Tranquillit\u00e9 et prix attractifs<\/h2>\n<p style=\"text-align: justify;\">Henderson est une ville voisine de Las Vegas, situ\u00e9e au sud-est. C\u2019est une excellente option pour ceux qui recherchent un h\u00e9bergement plus calme et moins cher, tout en restant \u00e0 15-20 minutes en voiture du Strip. On y trouve des h\u00f4tels confortables, des r\u00e9sidences de longue dur\u00e9e et de beaux espaces verts. C\u2019est un bon choix pour les familles ou les voyageurs souhaitant \u00e9viter l\u2019ambiance survolt\u00e9e du Strip tout en ayant un acc\u00e8s facile aux attractions.<\/p>\n<\/div><div  class=\"ut-one-half ut-column-last  \">\n<div id=\"attachment_14553\" style=\"width: 810px\" class=\"wp-caption alignnone\"><img loading=\"lazy\" decoding=\"async\" aria-describedby=\"caption-attachment-14553\" class=\"wp-image-14553 size-full\" src=\"https:\/\/www.destinations-off-road.com\/wp-content\/uploads\/sites\/7\/2025\/03\/HendersonNevada-wiki-commons-ou-loger-a-Las-Vegas-Las-Vegas-Off-Road.jpg\" alt=\"\" width=\"800\" height=\"600\" srcset=\"https:\/\/www.destinations-off-road.com\/las-vegas\/wp-content\/uploads\/sites\/7\/2025\/03\/HendersonNevada-wiki-commons-ou-loger-a-Las-Vegas-Las-Vegas-Off-Road.jpg 800w, https:\/\/www.destinations-off-road.com\/las-vegas\/wp-content\/uploads\/sites\/7\/2025\/03\/HendersonNevada-wiki-commons-ou-loger-a-Las-Vegas-Las-Vegas-Off-Road-300x225.jpg 300w, https:\/\/www.destinations-off-road.com\/las-vegas\/wp-content\/uploads\/sites\/7\/2025\/03\/HendersonNevada-wiki-commons-ou-loger-a-Las-Vegas-Las-Vegas-Off-Road-768x576.jpg 768w\" sizes=\"(max-width: 800px) 100vw, 800px\" \/><p id=\"caption-attachment-14553\" class=\"wp-caption-text\"><span style=\"color: #ffffff;\">Credit: license Wiki Commons<\/span><\/p><\/div>\n<\/div><div class=\"clear\"><\/div>\n<p>&nbsp;<\/p>\n<h2>Nos conseils pour r\u00e9server votre h\u00e9bergement<\/h2>\n<ul>\n<li>Ne tardez pas \u00e0 r\u00e9server. Les promotions de derni\u00e8re minute sont rares, surtout lors d&#8217;une forte affluence touristique. Les prix peuvent grimper tr\u00e8s vite et les meilleures chambres partir rapidement.<\/li>\n<li>Les sites officiels des h\u00f4tels proposent parfois de meilleurs tarifs que les grandes plateformes de r\u00e9servation. Comparez !<\/li>\n<li>Attention aux taxes de s\u00e9jour. Les tarifs affich\u00e9s peuvent paraitre parfois tr\u00e8s attrayant mais les taxes de s\u00e9jours ne sont pas toujours incluses. C&#8217;est un point auquel il faut faire attention au moment de la reservation !<\/li>\n<\/ul>\n<p>&nbsp;<\/p>\n<hr \/>\n<h3 style=\"text-align: center;\">Besoin d\u2019aide pour composer le programme id\u00e9al ou envie de r\u00e9server une visite ?<\/h3>\nThis form does not exist\n","protected":false},"excerpt":{"rendered":"<p>Las Vegas offre une large gamme d\u2019h\u00e9bergements, des h\u00f4tels-casinos de luxe aux options plus abordables. Le choix du quartier d\u00e9pend de votre budget, de vos pr\u00e9f\u00e9rences et de l&#8217;exp\u00e9rience que vous recherchez. Voici un guide des meilleures zones o\u00f9 s\u00e9journer. En fonction de votre budget et de vos envies, selon que vous voyagez en famille [&hellip;]<\/p>\n","protected":false},"author":2,"featured_media":0,"parent":7024,"menu_order":0,"comment_status":"closed","ping_status":"closed","template":"","meta":{"_acf_changed":false,"footnotes":""},"class_list":["post-8259","page","type-page","status-publish","hentry"],"acf":[],"yoast_head":"<!-- This site is optimized with the Yoast SEO plugin v27.5 - https:\/\/yoast.com\/product\/yoast-seo-wordpress\/ -->\n<title>O\u00f9 se loger en vacances \u00e0 Las Vegas ?<\/title>\n<meta name=\"description\" content=\"O\u00f9 se loger lors de votre s\u00e9jour \u00e0 Las Vegas ? Dans quel quartier choisir votre h\u00e9bergement ? Las Vegas Off Road vous aide \u00e0 choisir.\" \/>\n<meta name=\"robots\" content=\"index, follow, max-snippet:-1, max-image-preview:large, max-video-preview:-1\" \/>\n<link rel=\"canonical\" href=\"https:\/\/www.destinations-off-road.com\/las-vegas\/welcome-to-las-vegas\/ou-se-loger-a-las-vegas\/\" \/>\n<meta property=\"og:locale\" content=\"en_US\" \/>\n<meta property=\"og:type\" content=\"article\" \/>\n<meta property=\"og:title\" content=\"O\u00f9 se loger en vacances \u00e0 Las Vegas ?\" \/>\n<meta property=\"og:description\" content=\"O\u00f9 se loger lors de votre s\u00e9jour \u00e0 Las Vegas ? Dans quel quartier choisir votre h\u00e9bergement ? Las Vegas Off Road vous aide \u00e0 choisir.\" \/>\n<meta property=\"og:url\" content=\"https:\/\/www.destinations-off-road.com\/las-vegas\/welcome-to-las-vegas\/ou-se-loger-a-las-vegas\/\" \/>\n<meta property=\"og:site_name\" content=\"Las Vegas Off Road\" \/>\n<meta property=\"article:modified_time\" content=\"2025-03-13T05:34:43+00:00\" \/>\n<meta property=\"og:image\" content=\"https:\/\/www.destinations-off-road.com\/wp-content\/uploads\/sites\/7\/2025\/02\/greg-IsWvSdy3oEk-unsplash-225x300.jpg\" \/>\n<meta name=\"twitter:card\" content=\"summary_large_image\" \/>\n<meta name=\"twitter:label1\" content=\"Est. reading time\" \/>\n\t<meta name=\"twitter:data1\" content=\"4 minutes\" \/>\n<script type=\"application\/ld+json\" class=\"yoast-schema-graph\">{\"@context\":\"https:\\\/\\\/schema.org\",\"@graph\":[{\"@type\":\"WebPage\",\"@id\":\"https:\\\/\\\/www.destinations-off-road.com\\\/las-vegas\\\/welcome-to-las-vegas\\\/ou-se-loger-a-las-vegas\\\/\",\"url\":\"https:\\\/\\\/www.destinations-off-road.com\\\/las-vegas\\\/welcome-to-las-vegas\\\/ou-se-loger-a-las-vegas\\\/\",\"name\":\"O\u00f9 se loger en vacances \u00e0 Las Vegas ?\",\"isPartOf\":{\"@id\":\"https:\\\/\\\/www.destinations-off-road.com\\\/las-vegas\\\/#website\"},\"primaryImageOfPage\":{\"@id\":\"https:\\\/\\\/www.destinations-off-road.com\\\/las-vegas\\\/welcome-to-las-vegas\\\/ou-se-loger-a-las-vegas\\\/#primaryimage\"},\"image\":{\"@id\":\"https:\\\/\\\/www.destinations-off-road.com\\\/las-vegas\\\/welcome-to-las-vegas\\\/ou-se-loger-a-las-vegas\\\/#primaryimage\"},\"thumbnailUrl\":\"https:\\\/\\\/www.destinations-off-road.com\\\/wp-content\\\/uploads\\\/sites\\\/7\\\/2025\\\/02\\\/greg-IsWvSdy3oEk-unsplash-225x300.jpg\",\"datePublished\":\"2022-11-10T22:27:21+00:00\",\"dateModified\":\"2025-03-13T05:34:43+00:00\",\"description\":\"O\u00f9 se loger lors de votre s\u00e9jour \u00e0 Las Vegas ? Dans quel quartier choisir votre h\u00e9bergement ? Las Vegas Off Road vous aide \u00e0 choisir.\",\"breadcrumb\":{\"@id\":\"https:\\\/\\\/www.destinations-off-road.com\\\/las-vegas\\\/welcome-to-las-vegas\\\/ou-se-loger-a-las-vegas\\\/#breadcrumb\"},\"inLanguage\":\"en-US\",\"potentialAction\":[{\"@type\":\"ReadAction\",\"target\":[\"https:\\\/\\\/www.destinations-off-road.com\\\/las-vegas\\\/welcome-to-las-vegas\\\/ou-se-loger-a-las-vegas\\\/\"]}]},{\"@type\":\"ImageObject\",\"inLanguage\":\"en-US\",\"@id\":\"https:\\\/\\\/www.destinations-off-road.com\\\/las-vegas\\\/welcome-to-las-vegas\\\/ou-se-loger-a-las-vegas\\\/#primaryimage\",\"url\":\"https:\\\/\\\/www.destinations-off-road.com\\\/wp-content\\\/uploads\\\/sites\\\/7\\\/2025\\\/02\\\/greg-IsWvSdy3oEk-unsplash-225x300.jpg\",\"contentUrl\":\"https:\\\/\\\/www.destinations-off-road.com\\\/wp-content\\\/uploads\\\/sites\\\/7\\\/2025\\\/02\\\/greg-IsWvSdy3oEk-unsplash-225x300.jpg\"},{\"@type\":\"BreadcrumbList\",\"@id\":\"https:\\\/\\\/www.destinations-off-road.com\\\/las-vegas\\\/welcome-to-las-vegas\\\/ou-se-loger-a-las-vegas\\\/#breadcrumb\",\"itemListElement\":[{\"@type\":\"ListItem\",\"position\":1,\"name\":\"Home\",\"item\":\"https:\\\/\\\/www.destinations-off-road.com\\\/las-vegas\\\/\"},{\"@type\":\"ListItem\",\"position\":2,\"name\":\"Welcome To Las Vegas\",\"item\":\"https:\\\/\\\/www.destinations-off-road.com\\\/las-vegas\\\/welcome-to-las-vegas\\\/\"},{\"@type\":\"ListItem\",\"position\":3,\"name\":\"O\u00f9 se loger en vacances \u00e0 Las Vegas ?\"}]},{\"@type\":\"WebSite\",\"@id\":\"https:\\\/\\\/www.destinations-off-road.com\\\/las-vegas\\\/#website\",\"url\":\"https:\\\/\\\/www.destinations-off-road.com\\\/las-vegas\\\/\",\"name\":\"Las Vegas Off Road\",\"description\":\"Visites insolites de Las Vegas par Elise et son \u00e9quipe\",\"potentialAction\":[{\"@type\":\"SearchAction\",\"target\":{\"@type\":\"EntryPoint\",\"urlTemplate\":\"https:\\\/\\\/www.destinations-off-road.com\\\/las-vegas\\\/?s={search_term_string}\"},\"query-input\":{\"@type\":\"PropertyValueSpecification\",\"valueRequired\":true,\"valueName\":\"search_term_string\"}}],\"inLanguage\":\"en-US\"}]}<\/script>\n<!-- \/ Yoast SEO plugin. -->","yoast_head_json":{"title":"O\u00f9 se loger en vacances \u00e0 Las Vegas ?","description":"O\u00f9 se loger lors de votre s\u00e9jour \u00e0 Las Vegas ? Dans quel quartier choisir votre h\u00e9bergement ? Las Vegas Off Road vous aide \u00e0 choisir.","robots":{"index":"index","follow":"follow","max-snippet":"max-snippet:-1","max-image-preview":"max-image-preview:large","max-video-preview":"max-video-preview:-1"},"canonical":"https:\/\/www.destinations-off-road.com\/las-vegas\/welcome-to-las-vegas\/ou-se-loger-a-las-vegas\/","og_locale":"en_US","og_type":"article","og_title":"O\u00f9 se loger en vacances \u00e0 Las Vegas ?","og_description":"O\u00f9 se loger lors de votre s\u00e9jour \u00e0 Las Vegas ? Dans quel quartier choisir votre h\u00e9bergement ? Las Vegas Off Road vous aide \u00e0 choisir.","og_url":"https:\/\/www.destinations-off-road.com\/las-vegas\/welcome-to-las-vegas\/ou-se-loger-a-las-vegas\/","og_site_name":"Las Vegas Off Road","article_modified_time":"2025-03-13T05:34:43+00:00","og_image":[{"url":"https:\/\/www.destinations-off-road.com\/wp-content\/uploads\/sites\/7\/2025\/02\/greg-IsWvSdy3oEk-unsplash-225x300.jpg","type":"","width":"","height":""}],"twitter_card":"summary_large_image","twitter_misc":{"Est. reading time":"4 minutes"},"schema":{"@context":"https:\/\/schema.org","@graph":[{"@type":"WebPage","@id":"https:\/\/www.destinations-off-road.com\/las-vegas\/welcome-to-las-vegas\/ou-se-loger-a-las-vegas\/","url":"https:\/\/www.destinations-off-road.com\/las-vegas\/welcome-to-las-vegas\/ou-se-loger-a-las-vegas\/","name":"O\u00f9 se loger en vacances \u00e0 Las Vegas ?","isPartOf":{"@id":"https:\/\/www.destinations-off-road.com\/las-vegas\/#website"},"primaryImageOfPage":{"@id":"https:\/\/www.destinations-off-road.com\/las-vegas\/welcome-to-las-vegas\/ou-se-loger-a-las-vegas\/#primaryimage"},"image":{"@id":"https:\/\/www.destinations-off-road.com\/las-vegas\/welcome-to-las-vegas\/ou-se-loger-a-las-vegas\/#primaryimage"},"thumbnailUrl":"https:\/\/www.destinations-off-road.com\/wp-content\/uploads\/sites\/7\/2025\/02\/greg-IsWvSdy3oEk-unsplash-225x300.jpg","datePublished":"2022-11-10T22:27:21+00:00","dateModified":"2025-03-13T05:34:43+00:00","description":"O\u00f9 se loger lors de votre s\u00e9jour \u00e0 Las Vegas ? Dans quel quartier choisir votre h\u00e9bergement ? Las Vegas Off Road vous aide \u00e0 choisir.","breadcrumb":{"@id":"https:\/\/www.destinations-off-road.com\/las-vegas\/welcome-to-las-vegas\/ou-se-loger-a-las-vegas\/#breadcrumb"},"inLanguage":"en-US","potentialAction":[{"@type":"ReadAction","target":["https:\/\/www.destinations-off-road.com\/las-vegas\/welcome-to-las-vegas\/ou-se-loger-a-las-vegas\/"]}]},{"@type":"ImageObject","inLanguage":"en-US","@id":"https:\/\/www.destinations-off-road.com\/las-vegas\/welcome-to-las-vegas\/ou-se-loger-a-las-vegas\/#primaryimage","url":"https:\/\/www.destinations-off-road.com\/wp-content\/uploads\/sites\/7\/2025\/02\/greg-IsWvSdy3oEk-unsplash-225x300.jpg","contentUrl":"https:\/\/www.destinations-off-road.com\/wp-content\/uploads\/sites\/7\/2025\/02\/greg-IsWvSdy3oEk-unsplash-225x300.jpg"},{"@type":"BreadcrumbList","@id":"https:\/\/www.destinations-off-road.com\/las-vegas\/welcome-to-las-vegas\/ou-se-loger-a-las-vegas\/#breadcrumb","itemListElement":[{"@type":"ListItem","position":1,"name":"Home","item":"https:\/\/www.destinations-off-road.com\/las-vegas\/"},{"@type":"ListItem","position":2,"name":"Welcome To Las Vegas","item":"https:\/\/www.destinations-off-road.com\/las-vegas\/welcome-to-las-vegas\/"},{"@type":"ListItem","position":3,"name":"O\u00f9 se loger en vacances \u00e0 Las Vegas ?"}]},{"@type":"WebSite","@id":"https:\/\/www.destinations-off-road.com\/las-vegas\/#website","url":"https:\/\/www.destinations-off-road.com\/las-vegas\/","name":"Las Vegas Off Road","description":"Visites insolites de Las Vegas par Elise et son \u00e9quipe","potentialAction":[{"@type":"SearchAction","target":{"@type":"EntryPoint","urlTemplate":"https:\/\/www.destinations-off-road.com\/las-vegas\/?s={search_term_string}"},"query-input":{"@type":"PropertyValueSpecification","valueRequired":true,"valueName":"search_term_string"}}],"inLanguage":"en-US"}]}},"_links":{"self":[{"href":"https:\/\/www.destinations-off-road.com\/las-vegas\/wp-json\/wp\/v2\/pages\/8259","targetHints":{"allow":["GET"]}}],"collection":[{"href":"https:\/\/www.destinations-off-road.com\/las-vegas\/wp-json\/wp\/v2\/pages"}],"about":[{"href":"https:\/\/www.destinations-off-road.com\/las-vegas\/wp-json\/wp\/v2\/types\/page"}],"author":[{"embeddable":true,"href":"https:\/\/www.destinations-off-road.com\/las-vegas\/wp-json\/wp\/v2\/users\/2"}],"replies":[{"embeddable":true,"href":"https:\/\/www.destinations-off-road.com\/las-vegas\/wp-json\/wp\/v2\/comments?post=8259"}],"version-history":[{"count":36,"href":"https:\/\/www.destinations-off-road.com\/las-vegas\/wp-json\/wp\/v2\/pages\/8259\/revisions"}],"predecessor-version":[{"id":14554,"href":"https:\/\/www.destinations-off-road.com\/las-vegas\/wp-json\/wp\/v2\/pages\/8259\/revisions\/14554"}],"up":[{"embeddable":true,"href":"https:\/\/www.destinations-off-road.com\/las-vegas\/wp-json\/wp\/v2\/pages\/7024"}],"wp:attachment":[{"href":"https:\/\/www.destinations-off-road.com\/las-vegas\/wp-json\/wp\/v2\/media?parent=8259"}],"curies":[{"name":"wp","href":"https:\/\/api.w.org\/{rel}","templated":true}]}}